e 3*m = -9*d + 10*d + 88, 2*m = -4*d + 40. Let b be (-2 + 1/4)/(4/(-48)). What is the greatest common divisor of b and m?
7
Suppose -698*l + 697*l = -44. Calculate the highest common divisor of l and 682.
22
Suppose 2*y - 2*o - 802 = 0, -32*y + 27*y - 5*o = -1985. What is the greatest common factor of 38 and y?
19
Let r = 1356 - 1328. Let y(z) = z**3 + 4*z**2 - 3*z + 4. Let v be y(-5). Let l be (12/(-15))/(v/105). What is the highest common divisor of l and r?
14
Suppose -8005 = -46*b + 4783. Calculate the greatest common factor of 4031 and b.
139
Suppose -36 - 30 = 11*f. Let i = -4 - f. Suppose -117 = -2*g - i*g + 5*h, 48 = g + 5*h. Calculate the greatest common divisor of 3 and g.
3
Let f(g) = 20*g - 28. Let z(a) = 9*a - 14. Let d(q) = 4*f(q) - 7*z(q). Let c be d(8). Let m = c - 121. Calculate the greatest common divisor of 1 and m.
1
Let q(b) = 6*b**2 + 209*b - 13. Let k be q(-35). Calculate the greatest common divisor of k and 33.
11
Let a be (678/565)/((-1)/30). Suppose -5*n - 43 = 62. Let s = n - a. Calculate the highest common factor of 15 and s.
15
Suppose -5*l = 2*m + 2*m - 322, -2*l = -4*m + 308. Let h = 14 - 2. Let c be ((-52)/(-6))/(4/h). Calculate the highest common divisor of c and m.
26
Let x be 18/12*104/(-12). Let m be (x/2)/(((-130)/180)/13). Calculate the greatest common factor of 13 and m.
13
Let x = 12 + 29. Let d = x - -36. Suppose 0*r + 4 = -4*r, 2*g = -3*r + 19. What is the greatest common divisor of g and d?
11
Let k be ((-4)/10)/(18/(-1575)). What is the highest common divisor of 135 and k?
5
Let g be 3/(-7) + (-35)/((-3675)/703020). Calculate the greatest common factor of g and 65.
65
Let i = 10 + 12. Suppose 0 = i*v - 18*v + 8. Let t be (v - -1)/((-3)/48). Calculate the highest common factor of 2 and t.
2
Let b be ((-432)/(-126))/(2/7). What is the highest common factor of b and 2568?
12
Suppose -2105 = -167*a + 3118 + 5465. What is the greatest common divisor of a and 208?
16
Let h(r) = r**3 + 5*r**2 - 6*r + 15. Suppose 17*x + 30 = 12*x. Let z be h(x). Suppose z*n - 6*n - 360 = 0. Calculate the highest common divisor of n and 8.
8
Let u = -630 + 2230. Calculate the greatest common divisor of u and 75.
25
Let p = -20204 + 20321. What is the greatest common divisor of p and 549?
9
Suppose -126*s = -22*s - 1352. What is the greatest common factor of s and 3497?
13
Suppose -48 = -8*r + 4*r. Let d be 27 + 0 + -9 + r. Let l = 85 - d. Calculate the highest common divisor of l and 11.
11
Suppose 0 = -31*y + 29*y + 50. Suppose -6 = -2*f + 5*m + 16, -f - m = -y. Calculate the highest common divisor of f and 42.
21
Let i = 4 - 2. Suppose 109 + 125 = 39*b. Suppose -3*r - b = -4*r - 2*d, -3*r + 2*d = -10. Calculate the greatest common divisor of i and r.
2
Let v be 212/8 - 6/(-4). Suppose -6*t + 9*t = 2*r - 4, t + 12 = 2*r. What is the highest common divisor of r and v?
4
Let m = 93 - 92. Let z be 58/(-87)*(30/(-2))/m. What is the greatest common factor of 16 and z?
2
Let s(q) = -q**3 + 27*q**2 - 181*q + 70. Let h be s(14). Calculate the greatest common factor of 156 and h.
12
Let y be 40/(-12)*3/(-2). Suppose -3*n + 57 = -3*o, -y*o - 56 = -4*n + 19. Let s be (30/(-4))/((-33)/176). Calculate the greatest common factor of s and n.
20
Let m(k) = 28*k + 572. Let g be m(-18). Calculate the highest common divisor of 850 and g.
34
Suppose 57*b - 51*b = 576. Let y(f) = 21*f - 36. Let g be y(4). What is the highest common factor of g and b?
48
Let r be (-505)/(-6) - 8/48. Suppose -r = 107*h - 109*h. Calculate the greatest common divisor of 21 and h.
21
Suppose -4*l - p + 115 + 374 = 0, 3*p = 5*l - 607. Suppose -2*x + l = 124. Let d be (-2988)/(-16) - -2 - x/4. Calculate the greatest common divisor of 21 and d.
21
Suppose -1026 = 4*k + 3*d, -4*k - 3*d + 504 = -6*k. Let f be ((-20)/25)/(5 - (-1278)/k). Calculate the greatest common factor of f and 12.
4
Suppose -i = -5*z - 76, z + 0*i = 4*i. Let m be (z/(-4) + 1)/(2/18). What is the greatest common divisor of 1305 and m?
45
Let s = -1709 + 25225. Calculate the greatest common factor of s and 4.
4
Let r(u) = -18*u - 1445. Let n be r(-81). Calculate the highest common divisor of 31811 and n.
13
Let n be ((-140)/28)/(0 + -1). Suppose -5*r + 77 = w, 2*w + 0*r = n*r + 109. What is the greatest common divisor of w and 93?
31
Let q = 6 - -21. Let y be (-15 + 0/(-1))*(-36)/q. Calculate the greatest common divisor of 110 and y.
10
Suppose 13 = -26*m + 221. Let j(h) = -h**2 + 11*h - 23. Let l be j(m). What is the greatest common divisor of l and 11?
1
Let g be 584*3/2 - 1. Suppose 146 = 4*n - 3*l, -18*n + 620 = -140*l + 145*l. What is the greatest common divisor of n and g?
35
Suppose -15*u - b + 30 = -11*u, -4*u + 22 = 5*b. What is the highest common divisor of u and 536?
8
Let g be (21 + -12 - (5 + -1))*121. What is the highest common divisor of 121 and g?
121
Let l = 2823 - 2787. Calculate the highest common factor of 639 and l.
9
Let w be -3 - 0 - (-215 + -28). Calculate the highest common factor of w and 1360.
80
Let k(o) = -o**2 - 58*o - 59. Let u be k(-1). Let s be (-333)/(-37) - 1332/u. What is the greatest common factor of 75 and s?
75
Let y be (39/26)/((-30)/(-14260)). Calculate the greatest common factor of 115 and y.
23
Let v(z) = z**3 + 5*z**2 - 9*z - 1. Let p be v(-6). Let u = p - 3. Suppose 57*y - 2920 = -526. Calculate the highest common divisor of u and y.
14
Suppose 5*q - 1464 = -3*y + 7*q, 0 = 5*y - 4*q - 2442. What is the highest common divisor of 1836 and y?
54
Suppose 744*v - 733*v = 6655. Calculate the greatest common factor of v and 5.
5
Let d(n) = n - 1. Let z be d(4). Suppose -5*a - 3*i = -i - 104, 3*i = z*a - 75. Let g = -1067 - -1122. Calculate the highest common divisor of a and g.
11
Suppose r - 27*r = -26. Suppose -j - r = 4*x - 5, 2*x = -j + 8. What is the highest common factor of j and 4?
4
Let q = -1885 + 1893. Let c(r) = 2*r**2 + r - 7. Let t be c(-3). Calculate the highest common divisor of q and t.
8
Suppose -37 + 41 = w. Let y(r) = 7*r + 8. Let j be y(w). Calculate the greatest common divisor of 60 and j.
12
Suppose -c - 1329 = -4*j, 10*j - 6*j - 1317 = 5*c. What is the greatest common divisor of j and 3441?
111
Let r = 34439 + -30162. Calculate the greatest common divisor of 188 and r.
47
Let n(h) = 37*h + 3284. Let a be n(-53). What is the greatest common factor of a and 35?
7
Suppose -12*k = -15*k - 87. Let m = 36 + k. Suppose m*c - 98 - 77 = 0. What is the greatest common factor of c and 5?
5
Let j be -4*(-5)/(-20)*313. Let t = 394 + j. Calculate the highest common divisor of 90 and t.
9
Let l = 31 + -26. Suppose 3*n - 811 = l*g, -n = -3*n + 4*g + 540. Let k be -51*3/(-2 - 15/6). Calculate the greatest common factor of n and k.
34
Suppose -g = -5*a - 328, 76*g - 75*g = -4*a + 292. Suppose 0 = 3*n - 12, -2*w = w + 2*n - 140. Calculate the highest common divisor of g and w.
44
Let p = -231 + 233. Suppose -p*t + 195 = 3*t + 4*f, 156 = 4*t - f. What is the highest common divisor of t and 13?
13
Let t be (5 + 1269/(-189))/((-2)/1666). What is the greatest common divisor of 153 and t?
51
Let g(n) = -1171*n + 14068. Let d be g(12). Suppose 4*y = 2*h, 2*h - 7 = -4*y + 1. Let x be y/((-3)/(-8))*6. What is the greatest common divisor of x and d?
16
Suppose 3*h - 41*d + 38*d - 396 = 0, -172 = -h - 4*d. Calculate the highest common factor of 43540 and h.
140
Suppose -3*q + q - 76 = 0. Let n = -660 + 810. Let k = q + n. What is the greatest common divisor of 14 and k?
14
Suppose 3*j = 4*y + 1524, 3*y - 305 - 762 = -2*j. What is the greatest common divisor of j and 216?
8
Let o be 12/7*(-1036)/(-111). What is the greatest common divisor of 644 and o?
4
Suppose -11*q - 1596 = -25*q. Suppose 6*x - q = 24. What is the greatest common factor of x and 46?
23
Let a(m) = m**2 + 4*m. Let b be a(-11). Let r = b + -158. Let i = -49 - r. Calculate the greatest common divisor of i and 352.
32
Let s = 6264 - 6238. Calculate the greatest common divisor of s and 1534.
26
Let p = 102 - 99. Let s be (2/p)/(3/54). Suppose 24*o + 24 = 25*o. What is the highest common divisor of s and o?
12
Let n = -29152 + 29332. What is the greatest common factor of n and 2430?
90
Suppose 28 = 2*j + 38, f - 4*j - 54 = 0. Let b(z) = -7*z**3 - z**2 + 2*z + 3. Let v be b(-2). Calculate the greatest com